the remainder when 388 is divided by (951/(-24))/(-9*8/576).
71
Let r(u) = -u**3 - 95*u**2 - 185*u + 196. What is the remainder when 1644 is divided by r(-93)?
99
Let o = 36103 - 36077. Let s(r) = 12*r + 1. What is the remainder when o is divided by s(2)?
1
Suppose -3*p + 0*k = -2*k - 66, 2*p = -4*k + 60. Let t = 21 - p. What is the remainder when 85 + 6/t*-1 + -4 is divided by 29?
25
Suppose -13*t - 107 = -18*t + g, -16 = -t + 2*g. Calculate the remainder when 171 is divided by t.
17
Let o be 3/((-12)/(-1268)) + 14/(-7). Suppose -5*w + 1600 = o. What is the remainder when w is divided by 20?
17
Let n(i) = 26*i - 2226. Calculate the remainder when 153 is divided by n(88).
29
Suppose -4*y + 5*k + 606 = 0, 11*y + 5*k - 1797 = -18. Calculate the remainder when 471 is divided by y.
153
Let i(z) = 3*z - 4*z + 13*z + 16. What is the remainder when 43 is divided by i(0)?
11
Let l(h) = 2*h**2 + h. Let b(t) = 9*t**2 + 6*t + 41. Let c(z) = b(z) - 5*l(z). Calculate the remainder when 108 is divided by c(6).
9
Let h be 14/4 - ((-20)/8 - -2). Calculate the remainder when 125 is divided by 45 - (h + -6 + 4).
39
Suppose -4*u = -0*d + 2*d - 326, 3*u - 787 = -5*d. What is the remainder when d is divided by (7 + (-2 - 3))/(29/58)?
3
Let s(i) = i**2 - 16*i + 26. Let g be s(16). Suppose 0 = -17*a + g*a - 378. Calculate the remainder when a is divided by 23.
19
Let r(x) = 3*x**2 + 73*x + 91. Calculate the remainder when 555 is divided by r(-24).
19
Suppose -2*c + 108 = 2*c. Let n = -722 + 1670. Suppose -3*z - 9*z = -n. What is the remainder when z is divided by c?
25
Suppose -2*a + 304 = 77*p - 76*p, 3*p - 2*a = 896. Calculate the remainder when p is divided by 139.
22
Suppose 30 - 21 = -3*v. Let m be (-715)/(-15) + 2/(3 - v). Let w = -40 + m. What is the remainder when 14 is divided by w?
6
Suppose -66*j = -28*j - 1026. What is the remainder when (-4)/10 + (-1521)/(-15) is divided by j?
20
Let j = -237 - -240. Calculate the remainder when j - (-5)/((-30)/(-1488)) is divided by 42.
41
Suppose -127*v + 50 = -117*v. Suppose -97 = v*y - 292. Calculate the remainder when y is divided by 21.
18
Suppose -m - 2*r + 528 = -1090, -4*m = r - 6472. Calculate the remainder when m is divided by 404.
2
Suppose -3*n + 3*c + 3126 = 0, -3159 = -5*n + 2*c + 2066. Calculate the remainder when n is divided by 342.
21
What is the remainder when 973 is divided by (-1364)/(-28) - 1/(-14)*(-16)/(-4)?
42
Suppose 155*k - 35604 = 63*k. Calculate the remainder when 1481 is divided by k.
320
Let l(k) = 576*k - 2115. What is the remainder when l(4) is divided by 52?
33
Suppose 851 = 5*q + 3*h, -2*q + 46*h = 42*h - 330. What is the remainder when q is divided by 137?
32
Let f(u) = -36*u - 32. Let v be f(-7). Let w = -196 + v. What is the remainder when 90 is divided by w?
18
Suppose -3*y = -50 + 8. Suppose -y*i - 15 = -19*i. What is the remainder when 4 is divided by i?
1
Suppose 6*y - 42 = 3*y. Calculate the remainder when y/91 + (-2780)/(-13) is divided by 54.
52
Let s(r) = -r**3 + r**2 - 6*r - 2. Let k be s(5). Let d = k + 180. What is the remainder when d is divided by 23?
2
Let a(b) = -2*b**2 + 153*b - 693. Calculate the remainder when 1533 is divided by a(5).
15
Let a = 17845 + -17835. What is the remainder when 32 is divided by a?
2
Let x(b) = 2*b**2 + 44*b - 238. What is the remainder when 3736 is divided by x(-27)?
24
Let b be (-2)/1*(-9)/(-6). Calculate the remainder when (8 - -1) + 10 + 11 is divided by b/5*(-12 + 7).
0
Let k = -6 + 8. Suppose -k*p - 3 + 9 = 0. Suppose -j + 80 = -0*d - d, 232 = p*j - 5*d. What is the remainder when j is divided by 11?
7
Let f = 8936 + -8882. What is the remainder when f is divided by 20?
14
Let k(s) = 31*s - 260. Let c be k(12). Suppose -c*f + 20 = -107*f. Calculate the remainder when 13 is divided by f.
1
Suppose w - 1209 = -2*w + 2*r, 4*w - 1612 = -r. Suppose -24*d - 638 = -46*d. What is the remainder when w is divided by d?
26
Let q = 7028 + -6068. What is the remainder when q is divided by 68?
8
Let r(n) = n + 94. Let t be r(0). Suppose 5*u - t = -3*b, 4*b - 8*u = -7*u + 87. What is the remainder when 75 is divided by b?
6
Suppose -4374*m = -4511*m + 1781. Suppose -2*o + 255 - 57 = 0. Calculate the remainder when o is divided by m.
8
Suppose -3*y + 582 = 5*q, 4*q = 3*y - 284 - 325. Calculate the remainder when y is divided by 107.
92
Let k = 0 - -15. Suppose 2*q + 2*y = 36, -2*q + 2*y = -5*q + 57. Suppose -2*h - h = -q. Calculate the remainder when k is divided by h.
1
Let k(h) = h + 9. Let c be k(-7). Suppose -2*g = v - 19, 3*g = v - 22 - c. Suppose -48*q + 13230 + 3375 = 87*q. What is the remainder when q is divided by v?
18
Suppose -4*t = -1440 + 180. Suppose -w + 6 = 1, t = 5*h - w. What is the remainder when h is divided by 28/21 + (-784)/(-24)?
30
Let a(i) = -164*i + 2363. What is the remainder when a(14) is divided by 52?
15
Let q = -109 + 49. Calculate the remainder when 188/(-1)*(q/(-16) - 4) is divided by 37.
10
Let i = -3823 + 3889. What is the remainder when i is divided by 16?
2
Calculate the remainder when 2291 is divided by (-31)/(496/128) - 40/(-2).
11
Let k be 4 + (-68)/18 + (-24)/108. Suppose 3*l - 79 = -m, k = m - 5*l - 73 - 38. Let j = 95 - m. What is the remainder when 14 is divided by j?
2
Let d = -3395 - -3431. Suppose 5*r = 4*r + 138. Calculate the remainder when r is divided by d.
30
Suppose -5*z + 7*z + 1073 = 3*g, -2*g + 671 = 5*z. What is the remainder when g is divided by 71?
69
Let i = 19680 - 19543. Calculate the remainder when i is divided by 202/8 - 3/12.
12
Suppose -22*h + 32*h = -10, 5*r - 3660 = 5*h. Calculate the remainder when r is divided by 52.
3
Suppose 2*t - n - 51 = 40, 4*t - 4*n - 176 = 0. Suppose 0 = -5*d + 58 + t. Calculate the remainder when 145 is divided by d.
19
Suppose -781 = -13*c + 2*c. Suppose 78*h - c*h = 658. What is the remainder when h is divided by 28?
10
Let d(h) = -h + 3. Let t be d(-3). Suppose 18 = 2*m + t. Let f(k) = -2*k - 9. Calculate the remainder when m is divided by f(-6).
0
Let m = 80 - 67. Let s(x) = 6*x**3 + 3*x**3 + 9*x**2 - 5*x**3 - 5*x**3 + 21 - m*x. Calculate the remainder when s(7) is divided by 6.
4
Suppose 8*r - 5775 = -55*r - 42*r. Calculate the remainder when 8083 is divided by r.
53
Let w = -4691 + 6660. Suppose -3*h = -14*h + w. Suppose -p = 3*p - 144. What is the remainder when h is divided by p?
35
Let n(r) = 4*r**2 + 46*r + 536. Calculate the remainder when n(-15) is divided by 187.
185
Let y = -8 - -35. Let m be (2/2)/((-14)/42*-1). Calculate the remainder when m/(-6)*(-9 + 9) + 52 is divided by y.
25
Let i(s) = s**3 + 70*s**2 + 58*s - 136. Calculate the remainder when i(-69) is divided by 310.
3
Let v = -6872 + 7089. What is the remainder when v is divided by 10?
7
Let b be 4/2 + (2 - (1 + -1)). Suppose -2*d - 382 = 2*j - b*j, -4*j + 759 = -5*d. Calculate the remainder when j is divided by 40.
36
Suppose 14*b - 9*b = 975. Suppose 20*h - 89 + 9 = 0. Calculate the remainder when b is divided by h.
3
Let d(b) = b + 87. Let m(k) = -2*k**3 - 47*k**2 - 24*k - 31. Let g be m(-23). What is the remainder when d(g) is divided by 22?
13
Let j = 191 - 154. Suppose 223 + j = 13*c. Let q(z) = 80*z**2 + 2*z + 1. Calculate the remainder when q(-1) is divided by c.
19
Suppose -2*u - d + 14 = d, -u + 2*d + 4 = 0. Suppose -t + 4*w = t - u, 0 = 2*t + 4*w + 2. What is the remainder when 7 is divided by 5 + -2 - (-1 + t)?
1
Let h(p) = 4*p**2 + 4*p + 90. Let n be h(-8). Let b = n - 302. Calculate the remainder when b is divided by 2.
0
Let c be (32/(-10))/(8/(-20)). Calculate the remainder when ((-2)/3 - -1)/(c/1416) is divided by 17.
8
Suppose -2*a - 6 = 3*l - 77, 5*l - 165 = -5*a. Suppose 0 = x + 5*w + 63, 15229*x - 15225*x - 5*w - 73 = 0. What is the remainder when a is divided by x?
0
Suppose 31*k + 12190 = 33*k - 4*x, -x = -2*k + 12202. Calculate the remainder when k is divided by 142.
139
Let u = -52848 + 76185. Calculate the remainder when u is divided by 10.
7
Let x = 2534 - 2464. What is the remainder when 297 is divided by x?
17
Suppose -56*w + 35950 = -6*w. What is the remainder when w is divided by 24?
23
Let r = -20103 + 20112. Suppose -3*q + 2*a - 3*a = -101, 2*q - 3*a = 82. Calculate the remainder when q is divided by r.
8
Suppose 2*h + 2 = -8, -5*h + 87 = -4*s. 